{"id":116,"date":"2021-07-10T15:05:50","date_gmt":"2021-07-10T15:05:50","guid":{"rendered":"http:\/\/ireneuszgrochowicz.pl\/?page_id=116"},"modified":"2021-07-10T15:17:09","modified_gmt":"2021-07-10T15:17:09","slug":"zabiegowy","status":"publish","type":"page","link":"https:\/\/ireneuszgrochowicz.pl\/index.php\/zabiegowy\/","title":{"rendered":"Zabiegowy"},"content":{"rendered":"<p><strong>Pobieranie materia\u0142\u00f3w do bada\u0144 laboratoryjnych we wtorki i czwartki od 8.00 \u2013 12.00<\/strong><br \/>\nbadanie krwi<br \/>\nbadanie moczu<br \/>\nbakteriologia: posiew bakteriologiczny, chlamydia, mykoplazma, ureoplazma<br \/>\nwirusologia: HPV test i inne<br \/>\ntest w kierunku raka piersi &#8211; BRCA-test<br \/>\nbadanie nasienia: posiew bakteriologiczny<br \/>\nzalecane badania u ci\u0119\u017carnej \u2013 za\u0142\u0105cznik<\/p>\n<p><strong>ZABIEGI GINEKOLOGICZNE:<\/strong><br \/>\nkoagulacja<br \/>\nlaseroterapia<br \/>\nelektrokonizacja oraz zamra\u017canie ( krioterapia ) zmian patologicznych sromu, pochwy oraz szyjki macicy<br \/>\nchirurgia plastyczna zewn\u0119trznych narz\u0105d\u00f3w p\u0142ciowych<br \/>\ndiagnostyka histopatologiczna schorze\u0144 narz\u0105du p\u0142ciowego<br \/>\ndiagnostyka cytologiczna oraz biocynoza pochwy w mikroskopie kontrastowo-fazowym<br \/>\nusuwanie k\u0142ykcin pochwy i sromu<br \/>\nleczenie zabiegowe ropni krocza i sromu<br \/>\nleczenie torbieli gruczo\u0142u Bartholina<br \/>\nza\u0142o\u017cenie wk\u0142adki wewn\u0105trzmacicznej \/miedziana, Mirena\/<\/p>\n<p><strong>NIETRZYMANIE MOCZU:<\/strong><br \/>\nwsp\u00f3lnie z przeszkolon\u0105 po\u0142o\u017cn\u0105 om\u00f3wienie zachowa\u0144 sprzyjaj\u0105cych nasileniu nietrzymania moczu oraz obni\u017cenia si\u0119 i wypadania narz\u0105du rodnego. Instruktarz i zakres \u0107wicze\u0144 obejmuj\u0105cych mi\u0119\u015bnie miednicy ma\u0142ej. Przedstawienie sposob\u00f3w fizjoterapeutycznego wspomagania omawianego problemu. Wspomaganie problemu nietrzymania moczu oraz obni\u017cenia i wypadania pochwy lub macicy przez zastosowanie odpowiedniego pessara<\/p>\n","protected":false},"excerpt":{"rendered":"<p>Pobieranie materia\u0142\u00f3w do bada\u0144 laboratoryjnych we wtorki i czwartki od 8.00 \u2013 12.00 badanie krwi badanie moczu bakteriologia: posiew bakteriologiczny, chlamydia, mykoplazma, ureoplazma wirusologia: HPV test i inne test w kierunku raka piersi &#8211; BRCA-test badanie nasienia: posiew bakteriologiczny zalecane badania u ci\u0119\u017carnej \u2013 za\u0142\u0105cznik ZABIEGI GINEKOLOGICZNE: koagulacja laseroterapia elektrokonizacja oraz zamra\u017canie ( krioterapia ) &hellip; <\/p>\n<p class=\"link-more\"><a href=\"https:\/\/ireneuszgrochowicz.pl\/index.php\/zabiegowy\/\" class=\"more-link\">Continue reading<span class=\"screen-reader-text\"> &#8220;Zabiegowy&#8221;<\/span><\/a><\/p>\n","protected":false},"author":1,"featured_media":0,"parent":0,"menu_order":0,"comment_status":"closed","ping_status":"closed","template":"","meta":[],"_links":{"self":[{"href":"https:\/\/ireneuszgrochowicz.pl\/index.php\/wp-json\/wp\/v2\/pages\/116"}],"collection":[{"href":"https:\/\/ireneuszgrochowicz.pl\/index.php\/wp-json\/wp\/v2\/pages"}],"about":[{"href":"https:\/\/ireneuszgrochowicz.pl\/index.php\/wp-json\/wp\/v2\/types\/page"}],"author":[{"embeddable":true,"href":"https:\/\/ireneuszgrochowicz.pl\/index.php\/wp-json\/wp\/v2\/users\/1"}],"replies":[{"embeddable":true,"href":"https:\/\/ireneuszgrochowicz.pl\/index.php\/wp-json\/wp\/v2\/comments?post=116"}],"version-history":[{"count":2,"href":"https:\/\/ireneuszgrochowicz.pl\/index.php\/wp-json\/wp\/v2\/pages\/116\/revisions"}],"predecessor-version":[{"id":135,"href":"https:\/\/ireneuszgrochowicz.pl\/index.php\/wp-json\/wp\/v2\/pages\/116\/revisions\/135"}],"wp:attachment":[{"href":"https:\/\/ireneuszgrochowicz.pl\/index.php\/wp-json\/wp\/v2\/media?parent=116"}],"curies":[{"name":"wp","href":"https:\/\/api.w.org\/{rel}","templated":true}]}}