{"id":62,"date":"2021-07-10T07:03:01","date_gmt":"2021-07-10T07:03:01","guid":{"rendered":"http:\/\/ireneuszgrochowicz.pl\/?page_id=62"},"modified":"2021-07-10T14:01:02","modified_gmt":"2021-07-10T14:01:02","slug":"certyfikaty","status":"publish","type":"page","link":"https:\/\/ireneuszgrochowicz.pl\/index.php\/certyfikaty\/","title":{"rendered":"Certyfikaty"},"content":{"rendered":"<p><strong>Uko\u0144czone kursy oraz szkolenia:<\/strong><\/p>\n<ul>\n<li>1997r. Kurs \u201eWsp\u00f3\u0142czesne metody oceny stanu p\u0142odu podczas porodu\u201d<\/li>\n<li>1994r. Warsztaty naukowo-praktyczne w ultrasonografii<\/li>\n<li>1997r. Kurs &#8220;Post\u0119py w ultrasonografii po\u0142o\u017cniczo-ginekologicznej&#8221;<\/li>\n<li>1998r. Szkolenie z zakresu andrologii w Klinice Rozrodczo\u015bci i Andrologii w Lublinie<\/li>\n<li>1999r. Kurs doskonal\u0105cy \u2013 \u201eCytodiagnostyka onkologiczna\u201d<\/li>\n<li>2000r. Kurs \u201e Kriostymulacja w medycynie\u201d<\/li>\n<li>2000r. Uczestnictwo w Kongresie Polskiego Towarzystwa Ginekologicznego<\/li>\n<li>2002r. Szkolenie \u201dMetodyczne i psychospo\u0142eczne aspekty epidemii HIV\/AIDS. Poradnictwo przed i po te\u015bcie\u201d<\/li>\n<li>2002r. Uczestnictwo &#8211; Sympozjum Sekcji Andrologii Polskiego Towarzystwa Andrologicznego<\/li>\n<li>2003r. Kurs szkoleniowy \u201eUltrasonograficzne standardy ISVOG w ginekologii i po\u0142o\u017cnictwie\u201d<\/li>\n<li>2004r. Kurs \u201ePodstawy i znaczenie bada\u0144 kolposkopowych\u201d<\/li>\n<li>2005r. Kurs \u201eUltrasonografia w diagnostyce prenatalnej\u201d<\/li>\n<li>2006r. Uczestnictwo w Kongresie Polskiego Towarzystwa Ginekologicznego<\/li>\n<li>2007r. Konferencja naukowo-szkoleniowa- \u201eWsp\u00f3\u0142czesne trendy w profilaktyce i wczesnym wykrywaniu raka szyjki macicy\u201d<\/li>\n<li>2008r. Uczestnictwo -Sympozjum naukowo-szkoleniowe \u201eGinekologia 2008\u201d<\/li>\n<li>2008r. Kurs \u201eUltrasonografia w ginekologii i diagnostyce prenatalnej\u201d<\/li>\n<li>2008r. Uczestnictwo &#8211; Sympozjum Sekcji Andrologii Polskiego Towarzystwa Ginekologicznego<\/li>\n<li>2009r. Uczestnictwo &#8211; Sympozjum naukowo-szkoleniowe \u201eGinekologia 2009\u201d<\/li>\n<li>2009r. Kurs doskonal\u0105cy \u201eUltrasonografia w po\u0142o\u017cnictwie dla zaawansowanych\u201d<\/li>\n<li>2009r. Certyfikat 2009 Czysty Gabinet<\/li>\n<li>2009r. Kurs doskonal\u0105cy \u201eDiagnostyka prenatalna z elementami echokardiografii p\u0142odu\u201d<\/li>\n<li>2010r. Kurs doskonal\u0105cy \u201eDoppler w ginekologii i po\u0142o\u017cnictwie\u201d<\/li>\n<li>2010r. Kurs ( I stopnia)\u201eKolposkopia\u201d<\/li>\n<li>2010r. Udzia\u0142 w XII Dniu Andrologicznym<\/li>\n<li>2010r. Kurs \u201eDiagnostyka usg 3d w ginekologii i po\u0142o\u017cnictwie-kurs praktyczno-teoretyczny dla pocz\u0105tkuj\u0105cych oraz \u015bredniozaawansowanych\u201d<\/li>\n<li>2011r. Uczestnictwo \u201eUniwersytet Zdrowia Kobiety\u201d<\/li>\n<li>2011r. Kurs- \u201eDiagnostyka usg w ginekologii i po\u0142o\u017cnictwie\u201d<\/li>\n<li>2011r. Kurs doskonal\u0105cy &#8220;Kolposkopia dla zaawansowanych&#8221;<\/li>\n<li>2012r. Kurs- &#8220;Biomorfologia obraz\u00f3w kolposkopowych&#8221;<\/li>\n<li>2012r. Uczestnictwo w XXXI Kongresie Polskiego Towarzystwa Ginekologicznego<\/li>\n<li>2012r. Kurs &#8220;Chirurgia estetyczna kobiecych zewn\u0119trznych narz\u0105d\u00f3w p\u0142ciowych&#8221;<\/li>\n<li>2013r. Kurs doskonal\u0105cy&#8221;Wady p\u0142odu, diagnostyka prenatalna, doppler w po\u0142o\u017cnictwie, badanie serca p\u0142odu&#8221; <\/li>\n<li>2013r. Kurs &#8220;Diagnostyka prenatalna i echokardiografia p\u0142odu&#8221;<\/li>\n<li>2013r. Warsztaty z zakresu diagnostyki prenatalnej i echkkardiografii p\u0142odowej<\/li>\n<li>2013r. Uczestnictwo &#8220;Uniwersytet Zdrowia Kobiety&#8221; <\/li>\n<li>2013r. Certyfikat: Honorowe odznaczenie &#8221; Laur Pacjenta 2013&#8243;<\/li>\n<li>2014r. Kurs &#8221; Uroginekologia dla praktyk\u00f3w&#8221;<\/li>\n<li>2014r. Kurs &#8221; USG sutk\u00f3w z uwzgl\u0119dnieniem elastografii&#8221;<\/li>\n<li>2014r. Kurs Ultrasonografii &#8211; Diagnostyka prenatalna<\/li>\n<li>2014r. XI Krajowa Konferencja Szkoleniowa &#8221; Ginekologia i po\u0142o\u017cnictwo 2014&#8243;<\/li>\n<li>2014r. Certyfikat : Honorowe odznaczenie &#8221; Laur Pacjenta 2014&#8243;<\/li>\n<li>2015r. Kurs doskonal\u0105cy &#8220;Uroginekologia dla praktyk\u00f3w&#8221;<\/li>\n<li>2015r. Uczestnictwo w XXXII Kongresie Polskiego Towarzystwa Ginekologicznego<\/li>\n<li>2015r. Konferencja naukowo &#8211; szkoleniowa &#8221; EBM &#8211; leczenie pacjenta oparte na faktach&#8221;<\/li>\n<li>2015r. Certyfikat: Honorowe odznaczenie Grand Prix &#8220;Laur Pacjenta 2015\/16&#8221;<\/li>\n<li>2016r. Kurs &#8220;Akademia Urodynamiki&#8221;<\/li>\n<li>2016r. Kurs &#8220;Diagnostyczne USG 3D\/4D w po\u0142o\u017cnictwie i ginekologii&#8221;<\/li>\n<li>2016r. Kurs &#8220;Diagnostyka zmian szyjki macicy w kolposkopii&#8221;<\/li>\n<li>2017r. Kurs &#8221; USG w pierwszym i drugim trymestrze ci\u0105\u017cy&#8221;<\/li>\n<li>2017r. Warsztaty USG z Mistrzem<\/li>\n<li>2017r. XIV Krajowa Konferencja Szkoleniowa &#8221; Ginekologia i po\u0142o\u017cnictwo 2017&#8243;<\/li>\n<li>2018r. VIII Zjazd Endokrynologii Ginekologicznej<\/li>\n<li>2018r. Kurs &#8220;Biomorfologia obraz\u00f3w kolposkopowych&#8221;<\/li>\n<li>2018r. Kurs &#8220;Metody diagnostyczne i obrazowanie we wsp\u00f3lczesnym po\u0142o\u017cnictwie i ginekologii &#8211; USG&#8221;<\/li>\n<li>2018r. Szkolenie &#8220;XV Krajowa Konferencja Szkoleniowa Ginekologia i Po\u0142o\u017cnictwo 2018&#8221;<\/li>\n<\/ul>\n\n\n<p><\/p>\n","protected":false},"excerpt":{"rendered":"<p>Uko\u0144czone kursy oraz szkolenia: 1997r. Kurs \u201eWsp\u00f3\u0142czesne metody oceny stanu p\u0142odu podczas porodu\u201d 1994r. Warsztaty naukowo-praktyczne w ultrasonografii 1997r. Kurs &#8220;Post\u0119py w ultrasonografii po\u0142o\u017cniczo-ginekologicznej&#8221; 1998r. Szkolenie z zakresu andrologii w Klinice Rozrodczo\u015bci i Andrologii w Lublinie 1999r. Kurs doskonal\u0105cy \u2013 \u201eCytodiagnostyka onkologiczna\u201d 2000r. Kurs \u201e Kriostymulacja w medycynie\u201d 2000r. Uczestnictwo w Kongresie Polskiego Towarzystwa Ginekologicznego &hellip; <\/p>\n<p class=\"link-more\"><a href=\"https:\/\/ireneuszgrochowicz.pl\/index.php\/certyfikaty\/\" class=\"more-link\">Continue reading<span class=\"screen-reader-text\"> &#8220;Certyfikaty&#8221;<\/span><\/a><\/p>\n","protected":false},"author":1,"featured_media":0,"parent":0,"menu_order":0,"comment_status":"closed","ping_status":"closed","template":"","meta":[],"_links":{"self":[{"href":"https:\/\/ireneuszgrochowicz.pl\/index.php\/wp-json\/wp\/v2\/pages\/62"}],"collection":[{"href":"https:\/\/ireneuszgrochowicz.pl\/index.php\/wp-json\/wp\/v2\/pages"}],"about":[{"href":"https:\/\/ireneuszgrochowicz.pl\/index.php\/wp-json\/wp\/v2\/types\/page"}],"author":[{"embeddable":true,"href":"https:\/\/ireneuszgrochowicz.pl\/index.php\/wp-json\/wp\/v2\/users\/1"}],"replies":[{"embeddable":true,"href":"https:\/\/ireneuszgrochowicz.pl\/index.php\/wp-json\/wp\/v2\/comments?post=62"}],"version-history":[{"count":4,"href":"https:\/\/ireneuszgrochowicz.pl\/index.php\/wp-json\/wp\/v2\/pages\/62\/revisions"}],"predecessor-version":[{"id":108,"href":"https:\/\/ireneuszgrochowicz.pl\/index.php\/wp-json\/wp\/v2\/pages\/62\/revisions\/108"}],"wp:attachment":[{"href":"https:\/\/ireneuszgrochowicz.pl\/index.php\/wp-json\/wp\/v2\/media?parent=62"}],"curies":[{"name":"wp","href":"https:\/\/api.w.org\/{rel}","templated":true}]}}